- (-1 - 5)).
7
What is the value of -1 - -8 - (56 + -29 + 19 + 3)?
-42
Calculate 78 + 8 + (93 - 145).
34
52 + -14 + -100 + 68
6
Evaluate 8 + (-61 - (39 - 99)).
7
What is the value of 69 - (-1 + -9 + 40)?
39
What is the value of 20 + (23 - -7 - -3) - 16?
37
Evaluate 40 - (-83 + 121 - (-1 + 9)).
10
What is (105 - -10) + 247 + -336?
26
Calculate -21 - (18 - -3 - 56).
14
Calculate -69 + (88 + -116 - (7 + -45)).
-59
What is the value of 100 + (60 + (-54 - 19) - (-15 - 2))?
104
-29 + 18 + 78 + -49 + -27
-9
What is the value of 10 - (-4 + (-4 - -11) + 36 - (537 + -542))?
-34
Evaluate (-171 - 149) + 215 + (2 + 1 - -1).
-101
What is the value of (-21 - 1) + 3 + (-10 - -14)?
-15
58 - (113 - (10 - -33))
-12
What is 11 - 3 - -5 - (-116 - (-42 + -8))?
79
-51 - 1 - (24 + 50 + -46 + -36)
-44
What is the value of 83 + (3 - ((11 - -47 - 46) + (-20 - -1)))?
93
What is the value of (-59 - -40) + 125 + -109?
-3
What is 56 - (82 + -25 + -14)?
13
20 + -10 + -1 - (3 - 2 - 1 - 19)
28
Calculate -37 + (-32 - (91 + -48 + -15)).
-97
Evaluate 7 + (9 + -17 + -3 + 20 - 9) + 4.
11
(26 - 40 - ((0 - 2) + -3) - 52) + 13
-48
52 - -3 - -4 - (57 + (-33 - -10) - 24)
49
What is 37 + 43 + (-2 - (-13 - 4))?
95
Calculate 100 + (10 - -17) + -9 + 3.
121
27 - (-43 + -15 + 43)
42
(-12 - -36) + -16 - (16 + -9) - (-18 + -1)
20
Evaluate 22 + (-19 - 12) - -19 - 20.
-10
What is the value of 35 + -179 + 91 - (0 + -1 + (4 - 2))?
-54
Calculate 8 - -14 - ((0 - -142) + -442 + 431).
-109
What is the value of 13 + 6 + 0 + -68 + (-5 + 22 - 5)?
-37
Evaluate 594 - 597 - (-82 - 19).
98
Calculate (-35 + 19 - (-4 - -6)) + -18.
-36
Calculate (-1 + -12 - (-639 - -563)) + -4 + (2 - 10).
51
What is -7 + 1 + (7 - 14) + -7?
-20
Calculate (7 - 38) + (36 - 3) + (23 - -5).
30
What is the value of 23 + (-53 - (-82 + 146))?
-94
Evaluate 69 + (38 - (24 + 51)).
32
(7 - -6 - 23 - (1 + 2)) + (0 - -127)
114
(1 - -10) + 15 + -39 + -3 + 5 + 4
-7
What is 17 + (-1 - 0 - (-101 - (42 + -61)))?
98
Calculate 4 + 1 + -1 - 10 - (543 + -555).
6
Evaluate 15 + 1 + -3 + (-67 - -56) + -27.
-25
Calculate -3 + -1 + (-47 - -64 - 20) + 44.
37
What is the value of -2 + -25 + 17 + -14 - (-101 - -6)?
71
Calculate 13 - (-4 + (-8 - 2) + 30) - (0 - -10).
-13
8 + 4 - (3 + -2) - 12 - -5
4
What is the value of -8 + 4 + 28 + -54 + 12?
-18
What is the value of 26 - ((-56 - -1) + 382 + -372)?
71
What is (61 - 51) + (-17 - (1 + 0))?
-8
Calculate 52 + 8 + -2 + 2 + 9 + (55 - 72).
52
-493 + 612 + -169 + -3
-53
Calculate -22 - (-42 + -9 + 27).
2
What is the value of 64 + (19 + -1 - 48)?
34
Evaluate -6 + (0 - (1 - 63)) + -321 + 310.
45
What is the value of -50 - ((1 - (8 + -2)) + -11 + 45 + -20)?
-59
What is the value of (38 + -8 + -15 - (-16 + -1)) + 2?
34
(-70 - -20 - -10) + (29 - -84)
73
Evaluate 113 - (-74 + 189) - 98.
-100
57 - (-26 + -17 - -22) - 33
45
115 + -121 - (-4 - (1 - 3))
-4
Calculate -5 + (4 - 84) + 1 - ((64 - 13) + -59).
-76
Evaluate 2 + 6 + (-102 + 85 - ((1 - -58) + -2)).
-66
-6 - (-6 + 26 - 32 - -8) - (7 + 1)
-10
What is 2 - -1 - (9 - 1 - (7 - 59 - 43))?
-100
What is -37 + (137 - 135) + (1 - -5) - 4?
-33
What is the value of -9 + (2 + 7 - 18) + -1 - (-11 + 0)?
-8
What is 37 - ((-43 - -47 - -92) + 2)?
-61
What is 4 + -2 + (-74 - 4) - (1471 + -1488)?
-59
What is -15 + (3 - 24 - -19) + 20?
3
13 + -105 + 13 + 118
39
Evaluate (119 - -2) + (-7 - 2) - 8.
104
(-33010 - -32897) + (-1 - (-43 + 1))
-72
Calculate 100 + -3 + 7 + (16 - 39).
81
58 - (0 - -2) - (-203 + 226)
33
Calculate 13 - (-32 + 15 + 7 + 0 + 8) - 156.
-141
(-2 - 7 - -6 - (0 - 2)) + 7 + 17
23
Calculate (61 - 23) + -13 - 52.
-27
Calculate 0 + -1 - (68 - 2 - (-18 + 1 + 23)).
-61
What is (18 - -38 - 49) + 2?
9
What is (50 - 52) + 137 - (35 + 10)?
90
Calculate (0 - 20 - 0) + (-4786 - -4784).
-22
What is (17 + -6 - (-35 + 17)) + -45?
-16
Calculate 78 + -46 + -32 - (-34 - (-3 + 1)).
32
Evaluate 387 + -456 - (-9 - 72).
12
What is 14 + 7 + (-9 - 5) - 15?
-8
Calculate (28 - (-77 - -40 - -27)) + 1 + -1.
38
Calculate 223 + -139 + -261 + 69.
-108
Evaluate 48 + -89 + (-5 + 3 - 8) + 5.
-46
Evaluate 69 + (4 - (48 + 7)).
18
Evaluate 30 + (-2 + -27 - (-146 - -132) - -2).
17
Calculate 2 + -14 + (32 - (4 - (-17 - -35))).
34
What is the value of 156 + -113 - 57 - (26 + -2 + 1)?
-39
What is -23 + -4 - ((2 - 1) + 106 + -96)?
-38
What is the value of (31 - -76) + -85 - (-21 - -2)?
41
Calculate -62 + -54 + 20 + -15.
-111
What is the value of (-47 + -2 - -3) + -29 + (11 - -9)?
-55
-88 - (-114 + 77 - 76)
25
What is the value of 11 - (6 + -11 + 6 + 5 + (21 - 22))?
6
Calculate (-486 - -546) + -120 + 1.
-59
Evaluate (13 - (2 - -16) - (0 - 5)) + (-39 - 34).
-73
Evaluate -4 - -2 - (-41 - (16 - 21)).
34
Evaluate 15 + 24 + -66 - (1 - -16).
-44
Calculate -1231 + 1245 - ((1 - (-2 + 2)) + -3).
16
-102 + 154 - (53 - -1)
-2
Calculate (-4 + -43 - 2) + 33 + -23.
-39
Evaluate (41 - 76 - -56) + -2 + (24 - -1).
44
Evaluate (-24 - (-17 - -6)) + -13 - (-29 - -13).
-10
Calculate -4 - 42 - -101 - 17.
38
What is the value of -154 + (-150 + 110 - -145)?
-49
What is 2 + (12 - (-20 + -8 + 20) - (-11 + 25))?
8
Evaluate -29 - (38 + (-9 - 9 - 16)).
-33
Evaluate 84 + (67 - 47) - 117.
-13
Evaluate -16 - (-22 + -41 + 112).
-65
Evaluate 62 - 3 - (-104 + 47).
116
-48 - (-40 - -29) - 18
-55
What is the value of (-6 - 17) + (-54 - -8)?
-69
What is the value of (-1 - -5) + -19 + 5 + -198 + 160?
-48
What is 1 - -81 - (-5 + (-12 - (16 + -36)))?
79
What is -51 + 34 + 12 + 24?
19
What is -1 - -27 - (-12 + 41 + (-38 - -8))?
27
Calculate -13 + (25 - 20) + 29 + (22 - 6).
37
-16 - (49 + -57 + 31)
-39
Evaluate 26 - (19 + 4 + 3).
0
Calculate (10 - -4 - 6) + -5 - 20.
-17
Evaluate -11 - (5 + -8 + -29 + 19).
2
What is the value of (88 - (55 - -35)) + (70 - 3)?
65
What is the value of 47 + -34 + -3 + -1 - ((18 - 19) + 93)?
-83
Evaluate -100 + -5 - -145 - ((0 - -2) + 2).
36
Calculate (-4 - (12 - 5)) + 2 - (9 + (-76 - 0)).
58
What is the value of -6 + -41 + 63 + 11?
27
Calculate 9 + -22 + -1 + (-93 - -63).
-44
-8 - (-45 - (-53 + 24))
8
What is (2 - -95) + -64 - 20?
13
What is the value of 7 + (21 - (28 + -31)) + -32?
-1
Calculate -2 - (21 - (41 + -55)).
-37
Evaluate (-3 - 0) + -4 + 1 - (99 + -113) - -61.
69
What is 4 - (50 + (-19 - -33) + -14 + -14)?
-32
-5 + 21 - (101 + 19 + -26)
-78
What is the value of 0 + 29 + -273 + 264 - (10 - 2)?
12
Calculate -87 - -127 - (-11 - -16).
35
What is 75 - (-57 + 126 - -16)?
-10
121 - (87 - 102) - (32 + 3)
101
Calculate (2 - 100) + 5 - (52 + -136 + 81).
-90
What is the value of -14 + -15 - (16 - (25 - 0))?
-20
(-1 - -5 - (18 + -23 + 13)) + 68 + -68
-4
-24 + (-61 - (-24 - (-58 + 27)))
-92
What is (-36 - -48) + (20 - 27) - (0 + -12)?
17
-85 - -201 - (-90 - -74)
132
What is the value of 52 - (123 - (51 + -1))?
-21
Evaluate 75 - 50 - ((50 - 52) + (6 - 0)).
21
What is the value of 3660 - 3716 - (-61 - 1)?
6
Evaluate -9 + 16 - 12 - (5 - (4 + 23)).
17
What is -39 + (23 - 32 - (17 - 36 - -16))?
-45
Evaluate 6 - -9 - -3 - (-7 + -7 - -3).
29
(95 - -1) + (-2160 - -2110)
46
Evaluate 58 + 3 + ((-11 - 4) + -4 - -19).
61
What is the value of -628 + 726 - (17 - 0)?
81
-23 + (-12 + -3 + -8 - -3)
-43
What is the value of -122 - -126 - -122 - 15?
111
-77 - (18 - -16 - 81)
-30
What is the value of 62 + 7 - (18 + (14 - 4))?
41
What is 1 + 3 + -2 - (-1 - -10) - (1794 - 1783)?
-18
What is 37 - (-46 - -63) - 30?
-10
Evaluate -24 + -61 + -53 - -97.
-41
What is 0 + -4 + (0 - -15 - (25 - (36 - 15)))?
7
Calculate -52638 + 52690 - (-1 - (28 + 1)).
82
What is the value of 8 - (-1 + 0) - (5045 - 4998)?
-38
What is the value of -5 + -6 + (4 - -63) + -18?
38
Calculate 200 + 9 + (-84 - 50).
75
88 - (195 - (117 + 6))
16
Evaluate 9 - (-58 + 100 + -46 + (13 - -1)).
-1
Calculate -58 - (167 + -149 - (33 - 7)).
-50
Calculate 19 + (-10 - 1 - (3 + 4)).
1
What is 53 + (0 - 0) + 122 + -121 + (83 - 80)?
57
Evaluate -1 + -5 + 9 + 6 + (-33 - -13 - -9).
-2
What is the value of 1 + 23 - (3549 - 3593)?
68
What is the value of 38 + 3 + (118 - 225)?
-66
Evaluate 2 + -23 + -26 - -103.
56
Evaluate (67 - (-27 + 37 - -19)) + -103.
-65
120 - 129 - (2 + -1 - 39) - (3 + 5)
21
(-22 - ((4 - 22) + -37 + 43)) + 2 + -52
-60
Calculate 50 + 27 + -31 + 14 + 10 + (1 - 7).
64
What is the value of -1 - -15 - (9 - (-14 - (-20 + -10)))?
21
Calculate -151 + 1 - ((-10 - (-2 - 0)) + -2371 + 2367).
-